{"id":5041,"date":"2025-08-06T16:26:26","date_gmt":"2025-08-06T20:26:26","guid":{"rendered":"https:\/\/claudiamorin.com\/?attachment_id=5041"},"modified":"2025-08-06T16:26:26","modified_gmt":"2025-08-06T20:26:26","slug":"est-ce-rentable-dajouter-une-veranda-3-saisons-a-sa-propriete-2","status":"inherit","type":"attachment","link":"https:\/\/claudiamorin.com\/en\/residentiel\/est-ce-rentable-dajouter-une-veranda-3-saisons-a-sa-propriete\/attachment\/est-ce-rentable-dajouter-une-veranda-3-saisons-a-sa-propriete-2\/","title":{"rendered":"Est-ce-rentable-dajouter-une-veranda-3-saisons-a-sa-propriete"},"author":0,"featured_media":0,"comment_status":"open","ping_status":"closed","template":"","meta":{"_acf_changed":false},"class_list":["post-5041","attachment","type-attachment","status-inherit","hentry"],"acf":[],"yoast_head":"<!-- This site is optimized with the Yoast SEO plugin v26.7 - https:\/\/yoast.com\/wordpress\/plugins\/seo\/ -->\n<title>Est-ce-rentable-dajouter-une-veranda-3-saisons-a-sa-propriete &#8211; Claudia Morin RE\/MAX Real Estate Broker<\/title>\n<meta name=\"robots\" content=\"index, follow, max-snippet:-1, max-image-preview:large, max-video-preview:-1\" \/>\n<link rel=\"canonical\" href=\"https:\/\/blog.source.immo\/wp-content\/uploads\/2025\/08\/Est-ce-rentable-dajouter-une-veranda-3-saisons-a-sa-propriete.jpg\" \/>\n<meta property=\"og:locale\" content=\"en_US\" \/>\n<meta property=\"og:type\" content=\"article\" \/>\n<meta property=\"og:title\" content=\"Est-ce-rentable-dajouter-une-veranda-3-saisons-a-sa-propriete &#8211; Claudia Morin RE\/MAX Real Estate Broker\" \/>\n<meta property=\"og:description\" content=\"https:\/\/blog.source.immo\/wp-content\/uploads\/2025\/08\/Est-ce-rentable-dajouter-une-veranda-3-saisons-a-sa-propriete.jpg\" \/>\n<meta property=\"og:url\" content=\"https:\/\/blog.source.immo\/wp-content\/uploads\/2025\/08\/Est-ce-rentable-dajouter-une-veranda-3-saisons-a-sa-propriete.jpg\" \/>\n<meta property=\"og:site_name\" content=\"Claudia Morin RE\/MAX Real Estate Broker\" \/>\n<meta property=\"article:publisher\" content=\"https:\/\/www.facebook.com\/claudiamorinremax\/\" \/>\n<meta property=\"og:image\" content=\"https:\/\/blog.source.immo\/wp-content\/uploads\/2025\/08\/Est-ce-rentable-dajouter-une-veranda-3-saisons-a-sa-propriete.jpg\" \/>\n<meta name=\"twitter:card\" content=\"summary_large_image\" \/>\n<meta name=\"twitter:image\" content=\"https:\/\/blog.source.immo\/wp-content\/uploads\/2025\/08\/Est-ce-rentable-dajouter-une-veranda-3-saisons-a-sa-propriete.jpg\" \/>\n<meta name=\"twitter:site\" content=\"@remax_claudia\" \/>\n<script type=\"application\/ld+json\" class=\"yoast-schema-graph\">{\"@context\":\"https:\/\/schema.org\",\"@graph\":[{\"@type\":\"WebPage\",\"@id\":\"https:\/\/blog.source.immo\/wp-content\/uploads\/2025\/08\/Est-ce-rentable-dajouter-une-veranda-3-saisons-a-sa-propriete.jpg\",\"url\":\"https:\/\/blog.source.immo\/wp-content\/uploads\/2025\/08\/Est-ce-rentable-dajouter-une-veranda-3-saisons-a-sa-propriete.jpg\",\"name\":\"Est-ce-rentable-dajouter-une-veranda-3-saisons-a-sa-propriete &#8211; Claudia Morin RE\/MAX Real Estate Broker\",\"isPartOf\":{\"@id\":\"https:\/\/claudiamorin.com\/en\/#website\"},\"datePublished\":\"2025-08-06T20:26:26+00:00\",\"breadcrumb\":{\"@id\":\"https:\/\/blog.source.immo\/wp-content\/uploads\/2025\/08\/Est-ce-rentable-dajouter-une-veranda-3-saisons-a-sa-propriete.jpg#breadcrumb\"},\"inLanguage\":\"en-US\",\"potentialAction\":[{\"@type\":\"ReadAction\",\"target\":[\"https:\/\/blog.source.immo\/wp-content\/uploads\/2025\/08\/Est-ce-rentable-dajouter-une-veranda-3-saisons-a-sa-propriete.jpg\"]}]},{\"@type\":\"BreadcrumbList\",\"@id\":\"https:\/\/blog.source.immo\/wp-content\/uploads\/2025\/08\/Est-ce-rentable-dajouter-une-veranda-3-saisons-a-sa-propriete.jpg#breadcrumb\",\"itemListElement\":[{\"@type\":\"ListItem\",\"position\":1,\"name\":\"Accueil\",\"item\":\"https:\/\/claudiamorin.com\/en\/\"},{\"@type\":\"ListItem\",\"position\":2,\"name\":\"Est-ce rentable d\u2019ajouter une v\u00e9randa 3 saisons \u00e0 sa propri\u00e9t\u00e9?\",\"item\":\"https:\/\/claudiamorin.com\/residentiel\/est-ce-rentable-dajouter-une-veranda-3-saisons-a-sa-propriete\/\"},{\"@type\":\"ListItem\",\"position\":3,\"name\":\"Est-ce-rentable-dajouter-une-veranda-3-saisons-a-sa-propriete\"}]},{\"@type\":\"WebSite\",\"@id\":\"https:\/\/claudiamorin.com\/en\/#website\",\"url\":\"https:\/\/claudiamorin.com\/en\/\",\"name\":\"Claudia Morin RE\/MAX Real Estate Broker\",\"description\":\"Real Estate Broker\",\"potentialAction\":[{\"@type\":\"SearchAction\",\"target\":{\"@type\":\"EntryPoint\",\"urlTemplate\":\"https:\/\/claudiamorin.com\/en\/?s={search_term_string}\"},\"query-input\":{\"@type\":\"PropertyValueSpecification\",\"valueRequired\":true,\"valueName\":\"search_term_string\"}}],\"inLanguage\":\"en-US\"}]}<\/script>\n<!-- \/ Yoast SEO plugin. -->","yoast_head_json":{"title":"Est-ce-rentable-dajouter-une-veranda-3-saisons-a-sa-propriete &#8211; Claudia Morin RE\/MAX Real Estate Broker","robots":{"index":"index","follow":"follow","max-snippet":"max-snippet:-1","max-image-preview":"max-image-preview:large","max-video-preview":"max-video-preview:-1"},"canonical":"https:\/\/blog.source.immo\/wp-content\/uploads\/2025\/08\/Est-ce-rentable-dajouter-une-veranda-3-saisons-a-sa-propriete.jpg","og_locale":"en_US","og_type":"article","og_title":"Est-ce-rentable-dajouter-une-veranda-3-saisons-a-sa-propriete &#8211; Claudia Morin RE\/MAX Real Estate Broker","og_description":"https:\/\/blog.source.immo\/wp-content\/uploads\/2025\/08\/Est-ce-rentable-dajouter-une-veranda-3-saisons-a-sa-propriete.jpg","og_url":"https:\/\/blog.source.immo\/wp-content\/uploads\/2025\/08\/Est-ce-rentable-dajouter-une-veranda-3-saisons-a-sa-propriete.jpg","og_site_name":"Claudia Morin RE\/MAX Real Estate Broker","article_publisher":"https:\/\/www.facebook.com\/claudiamorinremax\/","og_image":[{"url":"https:\/\/blog.source.immo\/wp-content\/uploads\/2025\/08\/Est-ce-rentable-dajouter-une-veranda-3-saisons-a-sa-propriete.jpg","type":"","width":"","height":""}],"twitter_card":"summary_large_image","twitter_image":"https:\/\/blog.source.immo\/wp-content\/uploads\/2025\/08\/Est-ce-rentable-dajouter-une-veranda-3-saisons-a-sa-propriete.jpg","twitter_site":"@remax_claudia","schema":{"@context":"https:\/\/schema.org","@graph":[{"@type":"WebPage","@id":"https:\/\/blog.source.immo\/wp-content\/uploads\/2025\/08\/Est-ce-rentable-dajouter-une-veranda-3-saisons-a-sa-propriete.jpg","url":"https:\/\/blog.source.immo\/wp-content\/uploads\/2025\/08\/Est-ce-rentable-dajouter-une-veranda-3-saisons-a-sa-propriete.jpg","name":"Est-ce-rentable-dajouter-une-veranda-3-saisons-a-sa-propriete &#8211; Claudia Morin RE\/MAX Real Estate Broker","isPartOf":{"@id":"https:\/\/claudiamorin.com\/en\/#website"},"datePublished":"2025-08-06T20:26:26+00:00","breadcrumb":{"@id":"https:\/\/blog.source.immo\/wp-content\/uploads\/2025\/08\/Est-ce-rentable-dajouter-une-veranda-3-saisons-a-sa-propriete.jpg#breadcrumb"},"inLanguage":"en-US","potentialAction":[{"@type":"ReadAction","target":["https:\/\/blog.source.immo\/wp-content\/uploads\/2025\/08\/Est-ce-rentable-dajouter-une-veranda-3-saisons-a-sa-propriete.jpg"]}]},{"@type":"BreadcrumbList","@id":"https:\/\/blog.source.immo\/wp-content\/uploads\/2025\/08\/Est-ce-rentable-dajouter-une-veranda-3-saisons-a-sa-propriete.jpg#breadcrumb","itemListElement":[{"@type":"ListItem","position":1,"name":"Accueil","item":"https:\/\/claudiamorin.com\/en\/"},{"@type":"ListItem","position":2,"name":"Est-ce rentable d\u2019ajouter une v\u00e9randa 3 saisons \u00e0 sa propri\u00e9t\u00e9?","item":"https:\/\/claudiamorin.com\/residentiel\/est-ce-rentable-dajouter-une-veranda-3-saisons-a-sa-propriete\/"},{"@type":"ListItem","position":3,"name":"Est-ce-rentable-dajouter-une-veranda-3-saisons-a-sa-propriete"}]},{"@type":"WebSite","@id":"https:\/\/claudiamorin.com\/en\/#website","url":"https:\/\/claudiamorin.com\/en\/","name":"Claudia Morin RE\/MAX Real Estate Broker","description":"Real Estate Broker","potentialAction":[{"@type":"SearchAction","target":{"@type":"EntryPoint","urlTemplate":"https:\/\/claudiamorin.com\/en\/?s={search_term_string}"},"query-input":{"@type":"PropertyValueSpecification","valueRequired":true,"valueName":"search_term_string"}}],"inLanguage":"en-US"}]}},"description":{"rendered":"<p class=\"attachment\"><a href='https:\/\/blog.source.immo\/wp-content\/uploads\/2025\/08\/Est-ce-rentable-dajouter-une-veranda-3-saisons-a-sa-propriete.jpg'><img loading=\"lazy\" decoding=\"async\" width=\"300\" height=\"169\" src=\"https:\/\/blog.source.immo\/wp-content\/uploads\/2025\/08\/Est-ce-rentable-dajouter-une-veranda-3-saisons-a-sa-propriete.jpg\" class=\"attachment-medium size-medium\" alt=\"\" \/><\/a><\/p>\n<p>https:\/\/blog.source.immo\/wp-content\/uploads\/2025\/08\/Est-ce-rentable-dajouter-une-veranda-3-saisons-a-sa-propriete.jpg<\/p>\n"},"caption":{"rendered":"<p>https:\/\/blog.source.immo\/wp-content\/uploads\/2025\/08\/Est-ce-rentable-dajouter-une-veranda-3-saisons-a-sa-propriete.jpg<\/p>\n"},"alt_text":"","media_type":"image","mime_type":"image\/jpeg","media_details":{"width":1920,"height":1080,"file":"https:\/\/blog.source.immo\/wp-content\/uploads\/2025\/08\/Est-ce-rentable-dajouter-une-veranda-3-saisons-a-sa-propriete.jpg","sizes":{}},"post":5040,"source_url":"https:\/\/blog.source.immo\/wp-content\/uploads\/2025\/08\/Est-ce-rentable-dajouter-une-veranda-3-saisons-a-sa-propriete.jpg","_links":{"self":[{"href":"https:\/\/claudiamorin.com\/en\/wp-json\/wp\/v2\/media\/5041","targetHints":{"allow":["GET"]}}],"collection":[{"href":"https:\/\/claudiamorin.com\/en\/wp-json\/wp\/v2\/media"}],"about":[{"href":"https:\/\/claudiamorin.com\/en\/wp-json\/wp\/v2\/types\/attachment"}],"replies":[{"embeddable":true,"href":"https:\/\/claudiamorin.com\/en\/wp-json\/wp\/v2\/comments?post=5041"}],"wp:attached-to":[{"embeddable":true,"post_type":"post","id":5040,"href":"https:\/\/claudiamorin.com\/en\/wp-json\/wp\/v2\/posts\/5040"}],"curies":[{"name":"wp","href":"https:\/\/api.w.org\/{rel}","templated":true}]}}

<!-- This site is optimized with the Yoast SEO plugin v26.7 - https://yoast.com/wordpress/plugins/seo/ -->
<title>Est-ce-rentable-dajouter-une-veranda-3-saisons-a-sa-propriete &#8211; Claudia Morin RE/MAX Real Estate Broker</title>
<meta name="robots" content="index, follow, max-snippet:-1, max-image-preview:large, max-video-preview:-1" />
<link rel="canonical" href="https://blog.source.immo/wp-content/uploads/2025/08/Est-ce-rentable-dajouter-une-veranda-3-saisons-a-sa-propriete.jpg" />
<meta property="og:locale" content="en_US" />
<meta property="og:type" content="article" />
<meta property="og:title" content="Est-ce-rentable-dajouter-une-veranda-3-saisons-a-sa-propriete &#8211; Claudia Morin RE/MAX Real Estate Broker" />
<meta property="og:description" content="https://blog.source.immo/wp-content/uploads/2025/08/Est-ce-rentable-dajouter-une-veranda-3-saisons-a-sa-propriete.jpg" />
<meta property="og:url" content="https://blog.source.immo/wp-content/uploads/2025/08/Est-ce-rentable-dajouter-une-veranda-3-saisons-a-sa-propriete.jpg" />
<meta property="og:site_name" content="Claudia Morin RE/MAX Real Estate Broker" />
<meta property="article:publisher" content="https://www.facebook.com/claudiamorinremax/" />
<meta property="og:image" content="https://blog.source.immo/wp-content/uploads/2025/08/Est-ce-rentable-dajouter-une-veranda-3-saisons-a-sa-propriete.jpg" />
<meta name="twitter:card" content="summary_large_image" />
<meta name="twitter:image" content="https://blog.source.immo/wp-content/uploads/2025/08/Est-ce-rentable-dajouter-une-veranda-3-saisons-a-sa-propriete.jpg" />
<meta name="twitter:site" content="@remax_claudia" />
<script type="application/ld+json" class="yoast-schema-graph">{"@context":"https://schema.org","@graph":[{"@type":"WebPage","@id":"https://blog.source.immo/wp-content/uploads/2025/08/Est-ce-rentable-dajouter-une-veranda-3-saisons-a-sa-propriete.jpg","url":"https://blog.source.immo/wp-content/uploads/2025/08/Est-ce-rentable-dajouter-une-veranda-3-saisons-a-sa-propriete.jpg","name":"Est-ce-rentable-dajouter-une-veranda-3-saisons-a-sa-propriete &#8211; Claudia Morin RE/MAX Real Estate Broker","isPartOf":{"@id":"https://claudiamorin.com/en/#website"},"datePublished":"2025-08-06T20:26:26+00:00","breadcrumb":{"@id":"https://blog.source.immo/wp-content/uploads/2025/08/Est-ce-rentable-dajouter-une-veranda-3-saisons-a-sa-propriete.jpg#breadcrumb"},"inLanguage":"en-US","potentialAction":[{"@type":"ReadAction","target":["https://blog.source.immo/wp-content/uploads/2025/08/Est-ce-rentable-dajouter-une-veranda-3-saisons-a-sa-propriete.jpg"]}]},{"@type":"BreadcrumbList","@id":"https://blog.source.immo/wp-content/uploads/2025/08/Est-ce-rentable-dajouter-une-veranda-3-saisons-a-sa-propriete.jpg#breadcrumb","itemListElement":[{"@type":"ListItem","position":1,"name":"Accueil","item":"https://claudiamorin.com/en/"},{"@type":"ListItem","position":2,"name":"Est-ce rentable d’ajouter une véranda 3 saisons à sa propriété?","item":"https://claudiamorin.com/residentiel/est-ce-rentable-dajouter-une-veranda-3-saisons-a-sa-propriete/"},{"@type":"ListItem","position":3,"name":"Est-ce-rentable-dajouter-une-veranda-3-saisons-a-sa-propriete"}]},{"@type":"WebSite","@id":"https://claudiamorin.com/en/#website","url":"https://claudiamorin.com/en/","name":"Claudia Morin RE/MAX Real Estate Broker","description":"Real Estate Broker","potentialAction":[{"@type":"SearchAction","target":{"@type":"EntryPoint","urlTemplate":"https://claudiamorin.com/en/?s={search_term_string}"},"query-input":{"@type":"PropertyValueSpecification","valueRequired":true,"valueName":"search_term_string"}}],"inLanguage":"en-US"}]}</script>
<!-- / Yoast SEO plugin. -->

Est-ce rentable d’ajouter une véranda 3 saisons à sa propriété?
